{"id":5241,"date":"2017-12-01T15:11:32","date_gmt":"2017-12-01T18:11:32","guid":{"rendered":"https:\/\/promenadethemes.com\/demo\/super-construction\/?page_id=5241"},"modified":"2025-06-17T14:45:00","modified_gmt":"2025-06-17T17:45:00","slug":"a-empresa","status":"publish","type":"page","link":"https:\/\/jstmaquinas.com.br\/index.php\/a-empresa\/","title":{"rendered":"A Empresa"},"content":{"rendered":"<h2>Quem somos<\/h2>\n<p>A JST \u00e9 uma marca pertencete ao <a href=\"https:\/\/realmaquinasbirigui.com.br\/\" target=\"_blank\" rel=\"noopener\">Grupo Real M\u00e1quinas<\/a>, que entrega produtos de alt\u00edssima qualidade e com pre\u00e7o justo.<\/p>\n<p>Atuamos em diversas \u00e1reas do segmento de m\u00e1quinas, ferramentas e ferragens.<\/p>\n<p>Distribu\u00edmos para todo o territ\u00f3rio nacional produtos para Solda como Arame Mig de 5kg e 15kg em diversas bitolas e produtos para movimenta\u00e7\u00e3o, como talhas, rod\u00edzios para andaime, cintas de eleva\u00e7\u00e3o de carga e guinchos manuais \/ catracas n\u00e1uticas para barco.<\/p>\n\n\n<p><\/p>\n","protected":false},"excerpt":{"rendered":"<p>Quem somos A JST \u00e9 uma marca pertencete ao Grupo Real M\u00e1quinas, que entrega produtos de alt\u00edssima qualidade e com pre\u00e7o justo. Atuamos em diversas \u00e1reas do segmento de m\u00e1quinas, ferramentas e ferragens. Distribu\u00edmos para todo o territ\u00f3rio nacional produtos para Solda como Arame Mig de 5kg e 15kg em diversas bitolas e produtos para [&hellip;]<\/p>\n","protected":false},"author":1,"featured_media":5964,"parent":0,"menu_order":0,"comment_status":"closed","ping_status":"closed","template":"","meta":{"content-type":"","om_disable_all_campaigns":false,"_monsterinsights_skip_tracking":false,"_monsterinsights_sitenote_active":false,"_monsterinsights_sitenote_note":"","_monsterinsights_sitenote_category":0,"footnotes":""},"aioseo_notices":[],"_links":{"self":[{"href":"https:\/\/jstmaquinas.com.br\/index.php\/wp-json\/wp\/v2\/pages\/5241"}],"collection":[{"href":"https:\/\/jstmaquinas.com.br\/index.php\/wp-json\/wp\/v2\/pages"}],"about":[{"href":"https:\/\/jstmaquinas.com.br\/index.php\/wp-json\/wp\/v2\/types\/page"}],"author":[{"embeddable":true,"href":"https:\/\/jstmaquinas.com.br\/index.php\/wp-json\/wp\/v2\/users\/1"}],"replies":[{"embeddable":true,"href":"https:\/\/jstmaquinas.com.br\/index.php\/wp-json\/wp\/v2\/comments?post=5241"}],"version-history":[{"count":6,"href":"https:\/\/jstmaquinas.com.br\/index.php\/wp-json\/wp\/v2\/pages\/5241\/revisions"}],"predecessor-version":[{"id":5833,"href":"https:\/\/jstmaquinas.com.br\/index.php\/wp-json\/wp\/v2\/pages\/5241\/revisions\/5833"}],"wp:featuredmedia":[{"embeddable":true,"href":"https:\/\/jstmaquinas.com.br\/index.php\/wp-json\/wp\/v2\/media\/5964"}],"wp:attachment":[{"href":"https:\/\/jstmaquinas.com.br\/index.php\/wp-json\/wp\/v2\/media?parent=5241"}],"curies":[{"name":"wp","href":"https:\/\/api.w.org\/{rel}","templated":true}]}}